s digit of 7217183?
1
What is the hundred thousands digit of 8413545?
4
What is the thousands digit of 7147480?
7
What is the tens digit of 20858011?
1
What is the units digit of 18051368?
8
What is the thousands digit of 168390?
8
What is the units digit of 3019718?
8
What is the millions digit of 5351440?
5
What is the units digit of 26896655?
5
What is the units digit of 1027425?
5
What is the thousands digit of 19415231?
5
What is the hundred thousands digit of 141653?
1
What is the hundred thousands digit of 191155?
1
What is the tens digit of 128179?
7
What is the tens digit of 198182?
8
What is the ten thousands digit of 344239?
4
What is the ten thousands digit of 842443?
4
What is the units digit of 1847922?
2
What is the tens digit of 677500?
0
What is the hundreds digit of 33528?
5
What is the ten thousands digit of 131314?
3
What is the ten thousands digit of 158547?
5
What is the millions digit of 1249221?
1
What is the units digit of 110738?
8
What is the millions digit of 3682017?
3
What is the hundreds digit of 91344?
3
What is the tens digit of 905954?
5
What is the ten thousands digit of 73275?
7
What is the tens digit of 911566?
6
What is the units digit of 322571?
1
What is the ten thousands digit of 15861807?
6
What is the hundreds digit of 13024167?
1
What is the millions digit of 4490954?
4
What is the thousands digit of 436519?
6
What is the ten thousands digit of 4430547?
3
What is the millions digit of 2661412?
2
What is the tens digit of 161667?
6
What is the tens digit of 118785?
8
What is the units digit of 2775225?
5
What is the ten thousands digit of 3088201?
8
What is the hundred thousands digit of 292759?
2
What is the units digit of 24643?
3
What is the hundreds digit of 27759142?
1
What is the hundreds digit of 4947888?
8
What is the hundred thousands digit of 269366?
2
What is the tens digit of 2301519?
1
What is the hundreds digit of 380400?
4
What is the units digit of 191430?
0
What is the thousands digit of 2168002?
8
What is the hundreds digit of 66137?
1
What is the hundred thousands digit of 1297001?
2
What is the ten thousands digit of 147663?
4
What is the hundreds digit of 1840047?
0
What is the units digit of 19033364?
4
What is the ten thousands digit of 228878?
2
What is the thousands digit of 304518?
4
What is the ten thousands digit of 9675041?
7
What is the hundreds digit of 1038812?
8
What is the ten thousands digit of 5862841?
6
What is the tens digit of 411776?
7
What is the units digit of 4107875?
5
What is the units digit of 66663?
3
What is the thousands digit of 71579?
1
What is the hundreds digit of 1493976?
9
What is the hundreds digit of 755519?
5
What is the units digit of 885479?
9
What is the tens digit of 3993?
9
What is the units digit of 1260913?
3
What is the units digit of 312667?
7
What is the thousands digit of 185254?
5
What is the tens digit of 13792794?
9
What is the ten thousands digit of 218898?
1
What is the hundreds digit of 7160087?
0
What is the ten thousands digit of 1795900?
9
What is the hundreds digit of 2342340?
3
What is the units digit of 12277?
7
What is the units digit of 344217?
7
What is the hundred thousands digit of 11938755?
9
What is the thousands digit of 815358?
5
What is the tens digit of 669734?
3
What is the ten thousands digit of 34112667?
1
What is the thousands digit of 280623?
0
What is the hundred thousands digit of 2318453?
3
What is the millions digit of 1693218?
1
What is the hundreds digit of 118436?
4
What is the ten thousands digit of 980781?
8
What is the thousands digit of 95305?
5
What is the millions digit of 12518912?
2
What is the millions digit of 3179682?
3
What is the units digit of 138205?
5
What is the millions digit of 4003219?
4
What is the thousands digit of 133994?
3
What is the units digit of 524820?
0
What is the thousands digit of 23399204?
9
What is the tens digit of 1334697?
9
What is the units digit of 298817?
7
What is the hundreds digit of 5276294?
2
What is the millions digit of 9094405?
9
What is the ten thousands digit of 225289?
2
What is the hundreds digit of 790890?
8
What is the hundred thousands digit of 624224?
6
What is the thousands digit of 371697?
1
What is the tens digit of 665810?
1
What is the ten thousands digit of 86004?
8
What is the hundreds digit of 284119?
1
What is the thousands digit of 61547?
1
What is the tens digit of 598076?
7
What is the thousands digit of 3544911?
4
What is the tens digit of 5599972?
7
What is the ten thousands digit of 4742752?
4
What is the hundred thousands digit of 3874834?
8
What is the tens digit of 873891?
9
What is the tens digit of 497282?
8
What is the hundreds digit of 10858715?
7
What is the hundreds digit of 90092?
0
What is the hundreds digit of 2338086?
0
What is the hundreds digit of 8507482?
4
What is the thousands digit of 13205?
3
What is the hundreds digit of 14700369?
3
What is the tens digit of 1292979?
7
What is the hundreds digit of 556310?
3
What is the millions digit of 1458067?
1
What is the hundreds digit of 2897790?
7
What is the ten millions digit of 12749016?
1
What is the thousands digit of 264310?
4
What is the thousands digit of 3208877?
8
What is the units digit of 223417?
7
What is the hundreds digit of 396886?
8
What is the millions digit of 2709970?
2
What is the tens digit of 7303520?
2
What is the tens digit of 260818?
1
What is the thousands digit of 16891894?
1
What is the ten thousands digit of 4737087?
3
What is the ten thousands digit of 5676523?
7
What is the ten thousands digit of 9931585?
3
What is the millions digit of 5524696?
5
What is the tens digit of 1834068?
6
What is the hundreds digit of 1404270?
2
What is the ten thousands digit of 435189?
3
What is the hundred thousands digit of 643067?
6
What is the hundreds digit of 890796?
7
What is the units digit of 422598?
8
What is the millions digit of 2267088?
2
What is the hundreds digit of 22845150?
1
What is the millions digit of 4612115?
4
What is the millions digit of 2281667?
2
What is the units digit of 7084510?
0
What is the tens digit of 28695602?
0
What is the thousands digit of 3050550?
0
What is the hundreds digit of 344258?
2
What is the hundreds digit of 10967011?
0
What is the hundred thousands digit of 226931?
2
What is the hundreds digit of 674344?
3
What is the millions digit of 3887705?
3
What is the hundreds digit of 330239?
2
What is the ten thousands digit of 110115?
1
What is the units digit of 710991?
1
What is the hundreds digit of 119244?
2
What is the thousands digit of 7974634?
4
What is the tens digit of 1410676?
7
What is the thousands digit of 119192?
9
What is the tens digit of 7893780?
8
What is the thousands digit of 1134160?
4
What is the hundreds digit of 4956180?
1
What is the hundreds digit of 151513?
5
What is the tens digit of 277623?
2
What is the hundred thousands digit of 275431?
2
What is the thousands digit of 275628?
5
What is the ten thousands digit of 11985798?
8
What is the ten thousands digit of 109411?
0
What is the hundreds digit of 349786?
7
What is the units digit of 104747?
7
What is the ten thousands digit of 2544910?
4
What is the hundreds digit of 28240?
2
What is the hundreds digit of 274962?
9
What is the ten thousands digit of 76101?
7
What is the millions digit of 2405479?
2
What is the tens digit of 6306879?
7
What is the ten millions digit of 16732090?
1
What is the tens digit of 3417274?
7
What is the hundred thousands digit of 521252?
5
What is the hundreds digit of 981926?
9
What is the hundreds digit of 162904?
9
What is the tens digit of 17066873?
7
What is the units digit of 15258114?
4
What is the units digit of 600622?
2
What is the millions digit of 1635611?
1
What is the tens digit of 451207?
0
What is the tens digit of 10150837?
3
What is the tens digit of 880142?
4
What is the thousands digit of 20695?
0
What is the units digit of 176750?
0
What is the units digit of 5335587?
7
What is the hundred thousands digit of 330257?
3
What is the tens digit of 74856?
5
What is the hundred thousands digit of 11790049?
7
What is the hundred thousands digit of 29636704?
6
What is the units digit of 2717?
7
What is the tens digit of 265414?
1
What is the units digit of 5954967?
7
What is the thousa